- (-4 - -16)?
20
Calculate 29 + 2 - (30 + (8 - 27)).
20
What is -425 + 500 - (1 - -7 - (-1 + 1 + -1))?
66
Evaluate (78 - 115 - -86) + 25.
74
0 + (-6 - -53) - ((23 - 5) + -15)
44
Calculate -1 - ((24 - 5 - -7) + 22).
-49
11 + -15 + 5 + 11 + -39 + 6
-21
What is (-7 - ((-20 - -8) + -4)) + (-2 - (-4 + -35))?
46
Evaluate 9 + -20 + -7 + -4 + -13.
-35
Calculate 17 - (1 + (13 + -17 - -19)).
1
Evaluate -8 - (-46 + -22 + (-4 - (4 - -7))).
75
Evaluate 20 + (-104 - -94) + -82.
-72
Calculate -53 + -4 + (-23 - -86).
6
What is -42 - (-11 + 30 - 9 - 41) - (-69 - -1)?
57
What is (-2 + -2 - 9) + (24 + -24 - -6)?
-7
Calculate -2 + 75 + -8 - (26 - (32 + -14)).
57
What is 4 - (7 + (2 - (-1 + 5)))?
-1
What is the value of 64 + (70 - 181) - -26?
-21
Calculate (-1 + 21 - (-58 + 17 - -54)) + (16 - 2).
21
What is -65 - -124 - 39 - 49?
-29
What is 168 + 33 - 33 - (-40 + 89)?
119
Calculate -22 - (-71 + (-41 - -44 - 42)).
88
65 + (-18 + -14 - -25) - (-1 - 0)
59
Calculate ((-3 - 8) + 7 - -3) + (-3 - (-45 + -1)).
42
What is the value of 984 - 1000 - (21 - 0)?
-37
What is 69 + (-16 - (25 - 39) - 9)?
58
What is -51 + 1 + -54 + 75?
-29
-50 - (8 - (15 + 0) - 16)
-27
Calculate (39 - (40 + -22)) + -68 + 9.
-38
What is the value of 0 + (12 + 5 - -12) + 1?
30
Evaluate -5 + 59 + (59 - (22 + 26)).
65
Evaluate 2 + -14 + 1 + (1240 - 1194).
35
What is the value of -1 - 8 - (-58 + -16 + 35)?
30
Calculate 11 - (-1 - ((-25 - -32) + (-6 - -2))).
15
Calculate (-12 - -2) + -4 + -43 + 44 + 12.
-1
What is (-63 - (-21 + -59)) + -108?
-91
Calculate -5 - 144 - (253 + -219 + (-39 - -2)).
-146
Evaluate 43 + -81 + 27 - (-4 + 5 + -84).
72
What is the value of (36 - -1) + -4 + -29 + 14 + 3?
21
What is the value of 124 + (-101 - 55) + 21?
-11
What is 0 - (19 + 23 + (-81 - 2))?
41
-6 - ((-1 - 10 - (-13 - -7) - -1) + 0)
-2
Calculate -7 - (-18 + 31) - (-42 - -6).
16
What is (111 - (133 + 24)) + 3 + 13?
-30
(-9 - -1) + 3 - (-1085 + 1092)
-12
Evaluate (68 - 39 - 64) + 95.
60
What is the value of 8 + -59 - -63 - ((0 - 0 - 2) + 24)?
-10
What is the value of -191 + 189 - (4 + (0 - 4) - -7)?
-9
Calculate -73 + (-9 - (0 + 15 - (-13 - -27 - 1))).
-84
Calculate (-10 - -1) + 1 + -4 + 6 + (-6 - -14).
2
What is the value of 4 - -8 - (-41 - 5) - (-9 + (-7 - -20))?
54
-20 + -2 + 7 + (-16 - -23) + -23
-31
Calculate 14 + -9 + 19 + -12 + -16 - -78.
74
Evaluate 128 + 2 - (15 + 5 + -11 - (-69 - -63)).
115
What is (-61 + 68 - (-15 - 4)) + 9?
35
Evaluate (-3 - 0) + -7 - (-100 - (-5 - 53)).
32
What is the value of -29 + -11 + 22 - (-8 + -38)?
28
0 + (4 - 0) + (90 - (74 - -37))
-17
(-4 - (-3 + -10)) + (46 + 3 + 12 - -5)
75
What is (-152 + 98 - 68) + 22?
-100
What is the value of 16 - (-2 + 5 + 50)?
-37
Calculate (0 - (-3 - -27)) + (-52 + 61 - 21).
-36
Evaluate -23 + (-34 - (-30 - 56)).
29
What is the value of (7 - -45) + -92 - (-27 - -7)?
-20
(126 + -10 - -4) + 12 - (-62 + 50)
144
What is the value of (1 - 10) + -5 + 2 + 10 + -40?
-42
Evaluate -4 + -1 + 1 + 5 + -7 + 42 + -16.
20
5 + (17 - (10 + 6 - 11)) + -16
1
Calculate 57 - (47 - (16 - 19)).
7
What is the value of 2 + 9 + 20 + (24 - 88) + 5?
-28
Evaluate -24 + -9 + (-26 - -32) + -2.
-29
Evaluate (-30 - (-28 + 5 - -3)) + -6.
-16
(-6 + (4 - 5) + -5 + 4 - -6) + -43
-45
0 + -12 - (-1 - (-5 - (-34 + 12)))
6
What is -71 - (-70 - (21 - 88))?
-68
What is the value of (-14 - (-1 - 2) - -59) + -16 + 20?
52
Calculate -78 - -11 - -25 - (-7 - 1).
-34
Evaluate 103 - ((53 - -24) + 20).
6
Calculate 6 - (-37 + (-1 - 12)) - (-19 + 0).
75
-14 + 0 - (-242 + 272)
-44
What is (0 - 27) + 2937 + -2931?
-21
What is -9 - (2 + 1 - (-31 + (-21 - -67)))?
3
What is -4 + (3 + 37 - 28) - -2?
10
Evaluate -86 + 111 + -6 + (-6 + -6 - -6).
13
(70 - 0) + -2 + (125 - (45 + 93))
55
Evaluate (2 - 3 - (170 - 170)) + 46.
45
Evaluate -3 - (-14 + 46 + -1).
-34
What is -21 + 12 + 71 + (-6 - 4 - 0)?
52
What is the value of 58 + 2 + 2 - (132 + -152 - -29)?
53
7 + ((-5 - -34) + -15 - (-3 - (-1 - 0)))
23
Calculate 75 + 35 + -87 + -68.
-45
What is the value of (-7 - (-10 + 10 + -9 + 7)) + 2 - -11?
8
What is 22 + ((-39 - -55) + 3 + -1 - -108)?
148
-5 - (28 + -109 + 140)
-64
Evaluate -13 - (7 + -20 + (5 - 2) + 33).
-36
What is (3 + -11 - -1 - -93) + -117 + 106?
75
What is 21 - -1 - (4 - 21 - -8)?
31
Evaluate 3 - 2 - 1 - (-3266 - -3220).
46
Calculate -2 - (-6 + (2 - 1)) - (124 - (134 + -69)).
-56
What is (17 - 28 - -9) + (3 - (43 - -1))?
-43
What is 1176 + -1168 - (2 + -3 + 4 + -66)?
71
What is the value of (0 - 7) + (106 - (127 + -112)) + 0 + -15?
69
Evaluate -37 - ((182 - 162) + -3 + -155).
101
What is (-113 - -122) + 0 + (3 + 4 - 6) + -150?
-140
-9 + (-195 - -180 - (0 + -9) - 35)
-50
Calculate -1269 + 1313 + 9 + 3 + (2 - 0).
58
-12 + -21 + (29 - -48) + -20
24
(-44 - 0 - -58) + (0 - -7)
21
What is (2 - (4 + -3 - -9 - 16)) + (-4 - 6)?
-2
Evaluate (-35 - 8) + 19 + 45 - (3 - 0).
18
What is (2 - ((51 - 19) + -50)) + -23?
-3
What is -2 + (-31 - (-17 + (-23 - -40)))?
-33
Calculate -5 + 22 - (-4 + 63 - 3) - 0.
-39
(104 - 39) + -13 + 43 + 27
122
Evaluate -64 + (52 - 23 - 31) + (1 - -7).
-58
What is the value of 59 + -12 + 6 + -4 + 3 + 8?
60
Calculate (-1 + 25 - 2) + 19 + -26 + 32 + -15.
32
Evaluate (-70 + 24 - 34) + 95.
15
What is (-8 - -1 - -1) + 2 - (-18 - (28 + -3))?
39
What is the value of 4 + 0 + (14 + 15 + -66 - (-7 + 2))?
-28
What is 53 - (15 - 14 - (1 + (-1 - 12)))?
40
Evaluate 6 - (22 + -64 + (16 - -4)).
28
What is the value of 112 - 104 - (80 - 2) - (2 - (3 - -5))?
-64
What is the value of -20 - (-66 - -40 - -47)?
-41
8 - (74 + -1 - (27 + -31 + 5 + 7))
-57
40 + -9 + 25 - 40
16
Evaluate -30 - (-17 + ((10 - -17) + -16 - 11)).
-13
(33 - (-11 + 62) - -18) + (2 - (58 + -4))
-52
What is the value of (17 - 47) + 26 - (2 + (1 - 19))?
12
Evaluate -60 - (79 + -66) - -60.
-13
(-2 + 0 - (-10 + -6 - -22)) + 5
-3
Evaluate 10 - (-4 + 20) - 5 - (-5 + -56).
50
(-1 - (27 - 17)) + (0 - 5) + -13
-29
What is -2 + 11 + (395 - 424) + 61?
41
What is the value of 24 - (9 - (-21 - -10) - (-24 - 42))?
-62
What is the value of 5 + (19 - (16 + -28))?
36
What is (-40 + 51 - -100) + -81?
30
What is -31 + 0 - (-61 - (1 - 47))?
-16
Calculate -26 + 6 + (-19 - (-42 + 31)).
-28
Calculate (-8 - -28 - 17 - (5 + -95)) + 1.
94
Calculate (7 + 8 - (4 + -1)) + -22 + (-2 - -63).
51
Evaluate (-12 - -28) + (-85 - -44).
-25
Evaluate 53 - (-3 + -59 - -43).
72
Calculate -3 - (0 + -69 + -4) - (12 + -26 - -10).
74
-18 + 8 + 17 + -38 + 3 + 11
-17
-23 + 10 + -347 + 380
20
Evaluate -48 - (-3 - (-27 + 57)).
-15
What is the value of -5 + -16 + (47 - (23 - -3))?
0
What is 11 + -104 + -25 + 18 + 4 + -8?
-104
Evaluate -86 + -55 + 25 + 84.
-32
Evaluate -56 + (-1 - -3) + (16 + -2 - (32 - 11)).
-61
Evaluate -57 + (-74 - (38 + -105)).
-64
What is -7 + (5 - 0) + (10 - (-1 - 11)) + 14?
34
Evaluate -2 - -10 - (74 + -2 - (269 - 237)).
-32
(1 - 3) + 7 + 15 + -29 + -57
-66
What is -15 - ((-12 - -5 - -38) + -10)?
-36
(15 + (-10 - 6 - -6) - (14 + -6)) + -18
-21
What is the value of 56 + (-89 - (-117 - 21))?
105
What is 22 - 1 - (190 - (47 + 69))?
-53
(-280 - -256) + 0 + 11 + 0
-13
Calculate 142 - 40 - 175 - -85.
12
Calculate (-49 - -97) + -35 - 102.
-89
Evaluate 2 + (-9 - (-17 + 2)) + 8.
16
What is 17 - (-106 - (30 - (-2 + 41)))?
114
What is the value of 29 + -72 - ((-6 - (-9 + 15)) + 2 + 0)?
-33
Calculate 4 - (-8 + -12) - (-15 - (-38 + (11 - -5))).
17
What is the value of -39 - (-40 - -72 - 114)?
43
Evaluate -5 - (-34 - ((68 - 58) + 8 + -32)).
15
What is 82 + -73 + -34 - 71?
-96
(-19 + -1 - (-1032 + 1040)) + -58
-86
What is the value of 38 + (2 - -3) - (2 + -2) - (29 - 20)?
34
What is 9 - (32 + (-2 + 8 - -15 - 13 - 6))?
-25
Evaluate 5 + (2 - -9) - (16 - 9).
9
Evaluate -2 - -39 - -3 - (71 + -66 - (14 + -2)).
47
Calculate -6 - (-30 - ((54 - 50) + (8 - (3 + -1)))).
34
What is (23 - (-3 - (-21 + -2 - 34))) + 15?
-16
What is the value of (7 + (4 - 7) + -6 + -7 - -11) + -36?
-34
-19 + 40 - (-41 + 30) - (-7 + -1)
40
What is 62 - (28 + -14) - 23 - -21?
46
What is -18 - (-91 - (-76 - 33))?
-36
What is the value of (91 - 5) + (0 - 0) + (-23 - (32 + -65))?
96
Evaluate 7 + -160 + 80 - -7.
-66
What is the value of 32 + -27 - (242 + -177)?
-60
What is (14 - ((-15 - -7) + 4)) + -21 + -25?
-28
547 + -65 + -509 - (6 - (0 - (0 - -1)))
-34
Evaluate -26 - -12 - (-12 - (-12 + 13)).
-1
What is 3 + 87 + (45 + -3